{"id":21,"date":"2024-01-07T15:21:10","date_gmt":"2024-01-07T14:21:10","guid":{"rendered":"https:\/\/www.leonpabien.com\/gasoleo-a-domicilio\/?page_id=21"},"modified":"2024-01-07T19:57:55","modified_gmt":"2024-01-07T18:57:55","slug":"servicios","status":"publish","type":"page","link":"https:\/\/www.leonpabien.com\/gasoleo-a-domicilio\/es\/servicios\/","title":{"rendered":"Todo tipo de servicios de distribuci\u00f3n de gas\u00f3leos \u00b7 Servicios"},"content":{"rendered":"\n<p class=\"has-text-align-center\" style=\"font-size:28px\">Tenemos<strong>\u00a0experiencia en todo tipo de descargas:<\/strong><\/p>\n\n\n<div class=\"wp-block-image img_content_t_1\">\n<figure class=\"aligncenter size-full\"><img loading=\"lazy\" decoding=\"async\" width=\"474\" height=\"426\" src=\"http:\/\/www.leonpabien.com\/gasoleo-a-domicilio\/wp-content\/uploads\/2024\/01\/suministro_de_gasoleo_a_diferentes_alturas_pisos_edificios_altos.jpg\" alt=\"\" class=\"wp-image-173\" srcset=\"https:\/\/www.leonpabien.com\/gasoleo-a-domicilio\/wp-content\/uploads\/2024\/01\/suministro_de_gasoleo_a_diferentes_alturas_pisos_edificios_altos.jpg 474w, https:\/\/www.leonpabien.com\/gasoleo-a-domicilio\/wp-content\/uploads\/2024\/01\/suministro_de_gasoleo_a_diferentes_alturas_pisos_edificios_altos-300x270.jpg 300w\" sizes=\"auto, (max-width: 474px) 100vw, 474px\" \/><\/figure>\n<\/div>\n\n\n<ul class=\"wp-block-list\">\n<li><strong>Comunidades de vecinos<\/strong>, con distintos tipos de acoples.<\/li>\n\n\n\n<li><strong>En viviendas de planta baja<\/strong>&nbsp;con dif\u00edcil acceso a la instalaci\u00f3n de almacenamiento, s\u00f3tanos, etc\u2026<\/li>\n\n\n\n<li><strong>En pisos<\/strong>, llegamos a diferentes alturas. Antes de decir que no, analizamos su situaci\u00f3n, rara vez nos rendimos.<\/li>\n\n\n\n<li><strong>Trasvase de gas\u00f3leo<\/strong>. Si usted est\u00e1 pensando en cambiar de dep\u00f3sito o la ubicaci\u00f3n del mismo, le ayudamos tanto en el trasvase del gas\u00f3leo como en la instalaci\u00f3n de su nuevo dep\u00f3sito. Para mas informaci\u00f3n p\u00f3ngase en contacto con nosotros.<\/li>\n\n\n\n<li><strong>Limpieza de depositos&nbsp;<\/strong>(se realizan tambi\u00e9n en depositos situados en pisos). P\u00f3ngase en contacto con nosotros si necesita hacer la limpieza de su deposito, se beneficiar\u00e1 de un descuento. Le pondremos en contacto con una empresa especializada que le asesorar\u00e1 sobre los pasos a seguir.<\/li>\n\n\n\n<li>Tambi\u00e9n ponemos a disposici\u00f3n de empresas dep\u00f3sitos con equipo de suministro y con contador. Para que usted&nbsp;pueda&nbsp;llevar&nbsp;un control del consumo de cada uno de sus veh\u00edculos.<\/li>\n\n\n\n<li>En&nbsp;<strong>LE\u00d3NPABIEN<\/strong>&nbsp;contamos con&nbsp;<strong>servicio de urgencia.&nbsp;<\/strong>De modo que si usted se queda sin gas\u00f3il&nbsp;se lo suministramos incluso durante el fin de semana. Servicio ofrecido a nuestros clientes habituales y siempre que podamos respetar los tiempos de descanso que tienen que cumplir los conductores profesionales.<\/li>\n<\/ul>\n\n\n\n<h2 class=\"wp-block-heading\"><strong>Homologaciones \/ Certificados \/ Documentaci\u00f3n<\/strong><\/h2>\n\n\n\n<ul class=\"wp-block-list\">\n<li>Nuestros veh\u00edculos cuentan con contadores homologados y rigurosamente calibrados.<\/li>\n\n\n\n<li>Ponemos a su disposici\u00f3n la documentaci\u00f3n de las revisiones peri\u00f3dicas de los mismos. Todas ellas efectuadas por empresas autorizadas por la Junta de Castilla y Le\u00f3n.<\/li>\n<\/ul>\n\n\n<div class=\"wp-block-image img_content_t_1\">\n<figure class=\"aligncenter size-full\"><img loading=\"lazy\" decoding=\"async\" width=\"308\" height=\"133\" src=\"http:\/\/www.leonpabien.com\/gasoleo-a-domicilio\/wp-content\/uploads\/2024\/01\/logo_ingein_homologacion_2.jpg\" alt=\"\" class=\"wp-image-148\" srcset=\"https:\/\/www.leonpabien.com\/gasoleo-a-domicilio\/wp-content\/uploads\/2024\/01\/logo_ingein_homologacion_2.jpg 308w, https:\/\/www.leonpabien.com\/gasoleo-a-domicilio\/wp-content\/uploads\/2024\/01\/logo_ingein_homologacion_2-300x130.jpg 300w\" sizes=\"auto, (max-width: 308px) 100vw, 308px\" \/><\/figure>\n<\/div>\n\n\n<ul class=\"wp-block-list\">\n<li>Si lo desea puede comprobar por usted mismo la presencia de precintos y sellos tanto en contadores como en tuber\u00edas. Los cuales est\u00e1n obligados a tener todos los veh\u00edculos de suministro de gas\u00f3leo.<\/li>\n<\/ul>\n\n\n<div class=\"wp-block-image img_content_t_1 width_70\">\n<figure class=\"aligncenter size-full\"><img loading=\"lazy\" decoding=\"async\" width=\"925\" height=\"416\" src=\"https:\/\/www.leonpabien.com\/gasoleo-a-domicilio\/wp-content\/uploads\/2024\/01\/precintos_de_garantia_2.jpg\" alt=\"\" class=\"wp-image-144\" srcset=\"https:\/\/www.leonpabien.com\/gasoleo-a-domicilio\/wp-content\/uploads\/2024\/01\/precintos_de_garantia_2.jpg 925w, https:\/\/www.leonpabien.com\/gasoleo-a-domicilio\/wp-content\/uploads\/2024\/01\/precintos_de_garantia_2-300x135.jpg 300w, https:\/\/www.leonpabien.com\/gasoleo-a-domicilio\/wp-content\/uploads\/2024\/01\/precintos_de_garantia_2-768x345.jpg 768w\" sizes=\"auto, (max-width: 925px) 100vw, 925px\" \/><\/figure>\n<\/div>\n\n\n<ul class=\"wp-block-list\">\n<li>Cumplimos con la normativa legal.<\/li>\n\n\n\n<li>Estamos totalmente seguros de ofrecerle carburantes de gran calidad. Tiene la posibilidad de comprobarlo por usted mismo. P\u00eddanos la documentaci\u00f3n sobre la procedencia de nuestros productos.<\/li>\n<\/ul>\n\n\n<div class=\"wp-block-image img_content_t_1\">\n<figure class=\"aligncenter size-full\"><img loading=\"lazy\" decoding=\"async\" width=\"416\" height=\"119\" src=\"http:\/\/www.leonpabien.com\/gasoleo-a-domicilio\/wp-content\/uploads\/2024\/01\/logo_clh_compania_logistica_de_hidrocarburos_2.jpg\" alt=\"\" class=\"wp-image-142\" srcset=\"https:\/\/www.leonpabien.com\/gasoleo-a-domicilio\/wp-content\/uploads\/2024\/01\/logo_clh_compania_logistica_de_hidrocarburos_2.jpg 416w, https:\/\/www.leonpabien.com\/gasoleo-a-domicilio\/wp-content\/uploads\/2024\/01\/logo_clh_compania_logistica_de_hidrocarburos_2-300x86.jpg 300w\" sizes=\"auto, (max-width: 416px) 100vw, 416px\" \/><\/figure>\n<\/div>\n\n\n<h2 class=\"wp-block-heading\"><strong>Nuestros Productos<\/strong><\/h2>\n\n\n<div class=\"wp-block-image logoFormLEPlus\">\n<figure class=\"aligncenter size-full\"><img loading=\"lazy\" decoding=\"async\" width=\"474\" height=\"42\" src=\"http:\/\/www.leonpabien.com\/gasoleo-a-domicilio\/wp-content\/uploads\/2024\/01\/logo-formula-mejorada-con-denominacion-le-plus.png\" alt=\"F\u00f3rmula mejorada con Denominaci\u00f3n L.E. Plus\" class=\"wp-image-82\" srcset=\"https:\/\/www.leonpabien.com\/gasoleo-a-domicilio\/wp-content\/uploads\/2024\/01\/logo-formula-mejorada-con-denominacion-le-plus.png 474w, https:\/\/www.leonpabien.com\/gasoleo-a-domicilio\/wp-content\/uploads\/2024\/01\/logo-formula-mejorada-con-denominacion-le-plus-300x27.png 300w\" sizes=\"auto, (max-width: 474px) 100vw, 474px\" \/><\/figure>\n<\/div>\n\n\n<ul class=\"wp-block-list\">\n<li>Con nuestro gas\u00f3leo&nbsp; y servicio le ofrecemos ahorro tanto en el consumo, como en el mantenimiento de sus veh\u00edculos, maquinaria industrial y calderas hogare\u00f1as o de comunidades.<\/li>\n\n\n\n<li>Conf\u00ede en nosotros, somos la mejor opci\u00f3n.<\/li>\n<\/ul>\n","protected":false},"excerpt":{"rendered":"<p>Tenemos\u00a0experiencia en todo tipo de descargas: Homologaciones \/ Certificados \/ Documentaci\u00f3n Nuestros Productos<\/p>\n","protected":false},"author":1,"featured_media":0,"parent":0,"menu_order":0,"comment_status":"closed","ping_status":"closed","template":"","meta":{"footnotes":""},"class_list":["post-21","page","type-page","status-publish","hentry"],"_links":{"self":[{"href":"https:\/\/www.leonpabien.com\/gasoleo-a-domicilio\/wp-json\/wp\/v2\/pages\/21","targetHints":{"allow":["GET"]}}],"collection":[{"href":"https:\/\/www.leonpabien.com\/gasoleo-a-domicilio\/wp-json\/wp\/v2\/pages"}],"about":[{"href":"https:\/\/www.leonpabien.com\/gasoleo-a-domicilio\/wp-json\/wp\/v2\/types\/page"}],"author":[{"embeddable":true,"href":"https:\/\/www.leonpabien.com\/gasoleo-a-domicilio\/wp-json\/wp\/v2\/users\/1"}],"replies":[{"embeddable":true,"href":"https:\/\/www.leonpabien.com\/gasoleo-a-domicilio\/wp-json\/wp\/v2\/comments?post=21"}],"version-history":[{"count":19,"href":"https:\/\/www.leonpabien.com\/gasoleo-a-domicilio\/wp-json\/wp\/v2\/pages\/21\/revisions"}],"predecessor-version":[{"id":178,"href":"https:\/\/www.leonpabien.com\/gasoleo-a-domicilio\/wp-json\/wp\/v2\/pages\/21\/revisions\/178"}],"wp:attachment":[{"href":"https:\/\/www.leonpabien.com\/gasoleo-a-domicilio\/wp-json\/wp\/v2\/media?parent=21"}],"curies":[{"name":"wp","href":"https:\/\/api.w.org\/{rel}","templated":true}]}}